s 81795526 prime?
False
Is 6687831 prime?
False
Is 290264371 prime?
False
Is 11893171 prime?
True
Is 70787839 a composite number?
True
Is 103762897 prime?
False
Is 4128751 a composite number?
True
Is 2192221 a composite number?
True
Is 3423271 composite?
False
Is 6492887 composite?
False
Is 315502678 a composite number?
True
Is 697093819 a composite number?
True
Is 10291399 a prime number?
True
Is 9060781 a composite number?
True
Is 1207247 a composite number?
True
Is 1938131 a composite number?
True
Is 30747173 a prime number?
True
Is 25654753 a prime number?
True
Is 9846659 a prime number?
True
Is 8077447 prime?
False
Is 6163429 a composite number?
True
Is 890737 a composite number?
False
Is 4367411 a composite number?
False
Is 133602067 a composite number?
True
Is 49232269 composite?
True
Is 129039569 composite?
True
Is 2480839 composite?
True
Is 33041923 a prime number?
True
Is 28120373 a composite number?
False
Is 57378235 a prime number?
False
Is 14064767 composite?
True
Is 19541077 prime?
True
Is 16847557 prime?
True
Is 195435299 a prime number?
True
Is 452134517 prime?
True
Is 78284861 a composite number?
True
Is 174447449 a composite number?
True
Is 14892587 prime?
True
Is 91818149 composite?
False
Is 288163529 a prime number?
True
Is 7727809 prime?
False
Is 551091349 a composite number?
False
Is 23261099 composite?
True
Is 548634439 prime?
True
Is 18304681 composite?
False
Is 439769693 a prime number?
False
Is 1134811 composite?
False
Is 201191 composite?
True
Is 774623 prime?
False
Is 11860249 prime?
False
Is 1148051 composite?
True
Is 14888681 composite?
False
Is 4339807 a prime number?
False
Is 6406379 prime?
False
Is 1292783 prime?
True
Is 37333 a composite number?
True
Is 56414639 a composite number?
False
Is 1395523 prime?
True
Is 7351967 composite?
True
Is 494441 prime?
True
Is 132948941 a prime number?
False
Is 143787057 a composite number?
True
Is 54078707 composite?
True
Is 184783 composite?
True
Is 11091029 a composite number?
False
Is 2059217 prime?
True
Is 35068303 a prime number?
False
Is 546402523 a composite number?
False
Is 6591547 prime?
False
Is 19057201 a prime number?
True
Is 129821 prime?
False
Is 7931003 composite?
False
Is 2964667 prime?
True
Is 6477929 prime?
True
Is 347077 composite?
True
Is 2001397 a composite number?
False
Is 9428989 a composite number?
False
Is 5355674 a composite number?
True
Is 683455411 a composite number?
False
Is 3679199 composite?
True
Is 5805769 a prime number?
False
Is 2868959 prime?
True
Is 34511423 a prime number?
True
Is 1615843 prime?
True
Is 198948911 prime?
False
Is 23055601 a prime number?
True
Is 8445533 a prime number?
False
Is 1012369 a prime number?
True
Is 7860973 a composite number?
True
Is 43719101 a prime number?
True
Is 4550657 a composite number?
False
Is 17647 a composite number?
True
Is 12432929 a composite number?
False
Is 4276189 a prime number?
False
Is 697179107 prime?
True
Is 253711141 a composite number?
False
Is 14746541 prime?
True
Is 4741969 composite?
False
Is 3833873 composite?
False
Is 171364081 prime?
False
Is 31789417 prime?
False
Is 19468237 prime?
True
Is 85217441 a composite number?
False
Is 32549767 a prime number?
True
Is 7694209 a composite number?
False
Is 309888539 a composite number?
True
Is 55553 a composite number?
True
Is 148161017 a composite number?
True
Is 465581 composite?
False
Is 2758303 composite?
True
Is 20832418 prime?
False
Is 37416199 composite?
False
Is 71687609 a composite number?
True
Is 1125071 prime?
False
Is 1783699 composite?
False
Is 106087 composite?
False
Is 21540017 composite?
False
Is 41861291 prime?
True
Is 14131 composite?
True
Is 18045913 composite?
False
Is 175976029 a prime number?
True
Is 715457 composite?
False
Is 17204353 prime?
True
Is 170651453 composite?
True
Is 72963637 a composite number?
True
Is 190642799 prime?
True
Is 49834142 a prime number?
False
Is 708242 composite?
True
Is 49829513 a prime number?
True
Is 3597413 a prime number?
True
Is 917312307 prime?
False
Is 3815359 a prime number?
False
Is 74189267 a prime number?
True
Is 21853999 composite?
False
Is 5854901 composite?
True
Is 1408819 a composite number?
True
Is 52393071 a prime number?
False
Is 662477 a prime number?
True
Is 10366417 prime?
True
Is 6452861 a composite number?
True
Is 5575849 a composite number?
True
Is 12255497 a prime number?
False
Is 25665589 a prime number?
True
Is 1646143 a prime number?
True
Is 13150121 a composite number?
True
Is 11487731 prime?
False
Is 14096657 composite?
False
Is 7562899 prime?
False
Is 15303034 composite?
True
Is 31253141 a composite number?
False
Is 4940701 a prime number?
False
Is 2007167 prime?
False
Is 48927383 a composite number?
False
Is 114910681 composite?
False
Is 4344823 a composite number?
True
Is 65379229 a composite number?
True
Is 21724169 composite?
False
Is 6360329 a composite number?
True
Is 2810747 a prime number?
True
Is 121098407 a composite number?
False
Is 49556627 a composite number?
False
Is 250067 a composite number?
True
Is 3756173 a prime number?
True
Is 333625709 a prime number?
False
Is 2179523 a composite number?
False
Is 20679289 composite?
False
Is 837283 composite?
False
Is 41242517 a prime number?
True
Is 11195323 a prime number?
True
Is 43472287 prime?
True
Is 33436781 composite?
True
Is 18854353 a prime number?
False
Is 5408861 composite?
True
Is 132806837 a composite number?
False
Is 5141 a prime number?
False
Is 3499907 a prime number?
False
Is 75202591 a prime number?
True
Is 1813333 a prime number?
False
Is 196232866 a prime number?
False
Is 2812823 a composite number?
True
Is 135855031 prime?
False
Is 21463823 a prime number?
False
Is 2604641 prime?
False
Is 2158469 prime?
False
Is 682723 a prime number?
True
Is 11308559 composite?
True
Is 63156271 a composite number?
True
Is 38125903 composite?
False
Is 31414427 prime?
False
Is 599323 a prime number?
False
Is 77883677 a prime number?
True
Is 6183974 a composite number?
True
Is 17410283 composite?
True
Is 21604301 prime?
True
Is 9717781 a prime number?
True
Is 36817541 a composite number?
True
Is 1801438 a prime number?
False
Is 48758179 prime?
False
Is 84524509 a prime number?
True
Is 3224857 composite?
False
Is 44750677 prime?
True
Is 31610911 a prime number?
True
Is 1316963 composite?
False
Is 1015441 composite?
True
Is 6121357 prime?
False
Is 537811 composite?
False
Is 49528443 a composite number?
True
Is 14374261 a composite number?
True
Is 43282033 a prime number?
True
Is 11252666 composite?
True
Is 14082901 a prime number?
False
Is 4162595 a prime number?
False
Is 5835331 composite?
True
Is 34211579 a composite number?
False
Is 50201105 a composite number?
True
Is 79229 composite?
False
Is 14945087 a composite number?
True
Is 1091357 composite?
True
Is 411621739 a composite number?
True
Is 539664851 a prime number?
False
Is 330497 a composite number?
True
Is 27659251 a prime number?
False
Is 26479 a composite number?
False
Is 68297 prime?
False
Is 209601037 a prime number?
True
Is 8397874 a composite number?
True
Is 463063 composite?
True
Is 44964701 a composite number?
True
Is 477409 a prime number?
True
Is 2873447 a prime number?
True
Is 20435389 prime?
False
Is 3186703 composite?
True
Is 39673049 prime?
False
Is 9152489 composite?
False
Is 2226353 composite?
False
Is 25903105 prime?
False
Is 338697263 prime?
False
Is 311137051 a prime number?
True
Is 1704697 composite?
True
Is 763998331 composite?
True
Is 2207239 prime?
False
Is 5765269 prime?
True
Is 3381881 composite?
False
Is 4290599 composite?
True
Is 21528677 a prime number?
False
Is 1562753 prime?
True
Is 5886349 prime?
False
Is 4769419 prime?
False
Is 468505 composite?
True
Is 139220853 composite?
True
Is 3566099 a prime number?
True
Is 323677283 a prime number?
False
Is 2804717 a prime number?
True
Is 2757669 a prime number?
False
Is 31975235 a composite number?
True
Is 1292906 a prime number?
False
Is 175026589 prime?
False
Is 680772171 composite?
True
Is 3968401 prime?
False
Is 77189159 composite?
True
Is 5744429 composite?
False
Is 145545157 a composite number?
True
Is 1335429559 prime?
True
Is 2802873 prime?
False
Is 422021 a composite number?
True
Is 58755307 a composite number?
True
Is 10344229 composite?
True
Is 20350277 comp